 Suppose 0*v + 10 = -2*v. Let n be o(v). What is x(n)?
11
Let q(h) = -h**3 - h - 3. Suppose 4*x + 7*x + 0*x = 0. Determine q(x).
-3
Let k(o) be the third derivative of -19*o**2 - 1/120*o**6 + 5/3*o**3 - 1/8*o**4 + 0*o + 0 + 7/60*o**5. Determine k(7).
-11
Let l be -15 - ((-8)/(-18) - 4/9). Let f(h) = -h**3 - 14*h**2 + 16*h + 11. Give f(l).
-4
Let t(y) = y**2 - 4*y + 7. Suppose -4*b + 6 = 4*l - 10, -l = -3*b - 8. Give t(l).
12
Let n(i) be the first derivative of 17*i**2/2 + 4*i + 305. Calculate n(-1).
-13
Let a(j) = 12*j - 7 - 8*j - 3*j - 3. Calculate a(7).
-3
Let l(a) = a - 8. Let n(b) = -3*b + 25. Let i(p) = -7*l(p) - 2*n(p). Let y = -5 + 8. Suppose 0 = -y*v - 4*u + 26, -27 = -5*v + 5*u - 7. Calculate i(v).
0
Let y(i) = -5*i**2 - i - 1. Let p(f) = f - 8. Let h be p(7). Calculate y(h).
-5
Let j(z) = -4*z. Let n(w) be the second derivative of w**5/20 - 7*w**4/12 + 11*w**3/6 - 16*w**2 + 33*w. Let p be n(6). Determine j(p).
8
Let n(r) be the second derivative of r**5/20 - 7*r**4/12 + 2*r**3/3 + 13*r**2/2 + 17*r - 1. Give n(6).
1
Let t be (-5 + 9 - -2) + (-11)/2. Let f(w) be the first derivative of -1/3*w**3 - t*w**2 + w - 3. What is f(-2)?
-1
Let f = 76 + -71. Let z(l) be the second derivative of -1/2*l**2 - 1/3*l**3 + 0 - 1/20*l**f + 1/3*l**4 + l. Calculate z(2).
3
Let n(p) = 2*p**3 - 2*p**2 - 3*p + 3. Let y(w) = -w**3 - w**2 - 1. Let j(o) = n(o) + 3*y(o). What is j(-4)?
-4
Let q(t) be the first derivative of t**2/2 + 96. Give q(-7).
-7
Suppose -c + 127 = 129. Let v(b) = 2*b**2 + 2. What is v(c)?
10
Suppose 0*w - 3*w = -15. Let c(g) = -3*g**2 - g**3 + 0*g**2 - w + 6 + 3*g. Calculate c(-2).
-9
Let m be 80/(-32)*(-28)/(-10). Suppose 5*h - 35 = -5*z, 2*h - 2*z - 9 = -3*z. Let l(g) = -4 - 2*g - g + h*g. What is l(m)?
3
Let o = 359 + -8615/24. Let s(u) be the third derivative of -o*u**4 - 4*u**2 + 1/3*u**3 - 1/120*u**6 + 0 + 0*u + 1/10*u**5. Calculate s(6).
-4
Let x(w) = -3*w + 4. Suppose 2*t = 5*t + 18. Let a be (-12)/(-9)*(-27)/t. What is x(a)?
-14
Let m(g) = -g**2 + 8*g - 8. Let r(k) = 12*k - 29. Let y(u) = -2*u**2 + 13*u - 3. Let h be y(6). Let b be r(h). Give m(b).
-1
Suppose -14*v = 3 + 53. Let q(h) = h**3 + 3*h**2 - 2*h + 1. What is q(v)?
-7
Let u(j) = -19*j - 124 - 123 - 121 + 368. Give u(1).
-19
Let h(s) = 4*s - 14. Let p = 695 + -685. Calculate h(p).
26
Let t = 44 - 49. Let b be (3 - 0) + (2 - (-5)/t). Let c(w) = -w**2 + 5*w - 6. Calculate c(b).
-2
Let z(p) = -p**2 - 16*p - 31. Suppose 36*t = 19*t - 221. Calculate z(t).
8
Let o(f) = 2*f - 1. Let n be o(3). Let z(u) be the second derivative of 0 - 1/20*u**5 + 0*u**2 - 1/2*u**3 + 1/2*u**4 + 14*u. Determine z(n).
10
Let q(t) = -t**3 + 7*t**2 + 4*t - 9. Suppose -72 = -14*d + 26. Determine q(d).
19
Let u(p) = -p - 4. Let x = 1041 - 1043. Let s = 1 - -5. Let t be 5*(-4 - s/x). What is u(t)?
1
Let p(m) = m**2 + 9. Let a = -150 - -150. Give p(a).
9
Let t(i) = i**3 - 9*i**2 - 10*i + 4. Let o be t(10). Let r(s) = 4*s - 4. Let d(l) = 5*l - 5. Let z(j) = o*r(j) - 3*d(j). Determine z(-5).
-6
Let s(w) = -w**3 + 15*w**2 - 14*w - 2. Let v be s(14). Let h(m) = -m - 2. What is h(v)?
0
Let k(s) be the second derivative of -s**5/20 + 11*s**4/12 + s**3/3 - 3*s**2/2 + s. Let u be k(11). Suppose -u = 5*f + 6. Let d(h) = h + 6. Determine d(f).
1
Let j = -60 - -94. Let c(t) = -t - 19 + j - 16. Let v = 2 - 5. Calculate c(v).
2
Let x = 6 + -4. Let i(k) = -k**2 + 0 - 3 + 8*k**x + 4. Suppose 4*m - 6 = 10*m. Calculate i(m).
8
Suppose -u - 1 = 1. Let p = u + 10. Suppose -5*v - p = -4*i, 23 - 1 = -2*i - 4*v. Let k(f) = f + 7. What is k(i)?
4
Suppose 2*o - 23 = -3*k - 0*k, -4*k = 3*o - 32. Suppose -o = -m - m. Let j(w) = -6*w**2 - 7*w**3 + m*w**2 + 5*w**3 + 4*w + 5 + w**3. Calculate j(-5).
10
Let j(d) be the first derivative of -1/3*d**3 + 0*d**2 + 14 + 4*d. What is j(3)?
-5
Let s(b) be the first derivative of -b**3/3 - b**2/2 + 7*b - 5. Let h be s(0). Let d(n) = 2*n**2 - n**2 + h - 5 - n. Give d(3).
8
Let h = 34 - 36. Let k(b) = 6*b + 7. Let v be k(h). Let t(n) be the third derivative of n**5/60 + 5*n**4/24 + 2*n**3/3 - 2*n**2. Give t(v).
4
Let d = 112 - 116. Let n(y) = -y**2 - 3*y - 2. Determine n(d).
-6
Let h(c) = c**2. Let k = 3 + 0. Suppose -k = 3*z - 6. What is h(z)?
1
Let m(l) = -6*l - 14*l**2 + 10 + 26*l**2 - 13*l**2. Determine m(-7).
3
Let m(u) = 9*u - 41. Let y = 1976 - 1971. Give m(y).
4
Let b(o) = -13 + 3*o + 3 - 5*o. Let k be (17 - -22)/(-13) + -1*5. What is b(k)?
6
Suppose 4*b - 86 = -5*m, 22 = 4*m - 3*m + 2*b. Let t = m - 14. Let w(j) = j**3 - 2*j**3 + 9 + 2*j**3. Calculate w(t).
9
Let q(a) be the second derivative of a**3/3 - a**2/2 + 276*a - 2. Let p = 4 - 3. Let s be p/(-2)*8/(-2). What is q(s)?
3
Let d(y) = -y**2 + y + 1. Let z be ((-2)/(-3))/(24/180). Let j be z + -4 - (2 - -1). Calculate d(j).
-5
Let f(q) = 3*q - 1. Suppose -4*z + 9*u = 8*u - 8, -4*u = 2*z - 22. Suppose 6*x + k - 2 = z*x, 3*k + 7 = 4*x. Calculate f(x).
2
Let q be (43 - 0)*1 - -2. Suppose -3*o = -0*t + t + 15, 0 = 5*o - 5*t + q. Let p(h) = -h + 1. Let z(b) = 7*b + 2. Let g(c) = 6*p(c) + z(c). Give g(o).
2
Let q(i) = i**2 + 5*i + 1. Suppose 2*g - 4*g = -2*k + 8, g = -2*k + 5. Suppose -3*u = -k*m + 9, -2*m + u + 13 = m. Suppose 0 = 3*z + 4 + m. Determine q(z).
-5
Let d(k) be the third derivative of k**5/60 - k**4/8 + k**3 + 3*k**2 + 6*k. Determine d(4).
10
Let y(g) = 2*g**2 - 3*g + 1. Let b be y(2). Let n(u) be the second derivative of -u**3 - 2*u**2 + u + 61. Calculate n(b).
-22
Suppose -5*y - 26 = -1. Let h be 2/(-5)*3*y. Let d(q) be the second derivative of q**5/20 - 7*q**4/12 + 5*q**3/6 - 4*q**2 + 39*q + 2. Give d(h).
-14
Let m(a) = 2*a + 7. Let r be ((-68)/10)/(6/(-15)). Suppose 33 = -10*o - r. Determine m(o).
-3
Suppose 7*m + 13 = 2*m + 2*p, p + 4 = -m. Let l(h) = -h**2 - 2*h - 1. Calculate l(m).
-4
Let w(i) = i - 17. Let v = -607 + 600. What is w(v)?
-24
Let p = 9 - 35. Let t = 31 + p. Let h(q) = 2*q + 5. Let s(o) = o + 3. Let n(j) = 3*h(j) - 5*s(j). What is n(t)?
5
Let x(b) = 4*b**2 - 4. Let c(h) = -h**2 + h. Let t(r) = -5*c(r) - x(r). Give t(3).
-2
Let f(x) = 4*x**3 - x**2 + 1. Suppose 21 - 123 = -6*r. Let j = r - 16. Calculate f(j).
4
Let t(u) be the third derivative of u**7/840 + u**6/60 + u**5/40 + u**4/24 + 3*u**3/2 + 12*u**2. Let g(r) be the first derivative of t(r). What is g(-5)?
11
Let h(w) be the third derivative of 0 + 1/60*w**5 + 1/3*w**3 + 1/4*w**4 - 33*w**2 + 0*w. What is h(-6)?
2
Suppose 111*g = 1716 - 162. Let f(h) = h**2 - 20*h + 1. Determine f(g).
-83
Let n(b) = -b**2 + 5*b - 1. Let p(x) be the third derivative of -x**4/24 + 4*x**3/3 + 10*x**2. Let m be p(5). What is n(m)?
5
Let p(n) be the second derivative of n**4/12 + n**3/3 + n**2/2 - 2*n - 15. Give p(4).
25
Let w(j) = -j + 2. Let r be 2/5 + 8/(-20). Let p(i) = 0*i + 7 + r*i + 2 - 4*i. Let h(k) = 2*p(k) - 9*w(k). Calculate h(4).
4
Let j = -243/340 + 13/17. Let v(w) be the second derivative of 2*w**2 + 6*w + 1/3*w**4 + 0 + j*w**5 + 1/2*w**3. Determine v(-3).
4
Let w(k) = k - 10. Let r(i) be the third derivative of i**4/24 - i**3/6 - 11*i**2. Let v(f) = 6*r(f) - w(f). Give v(-3).
-11
Let l(c) = -2*c**3 - 3*c - 18 + 5*c**3 + 115*c**2 - 2*c**3 - 106*c**2 + 2*c. Determine l(-9).
-9
Let i = -2443 - -2428. Let h(d) = -d**2 - 15*d - 6. Give h(i).
-6
Let w(f) be the second derivative of f**4/12 + 7*f**3/3 + 5*f**2/2 - 9*f + 16. Give w(-15).
20
Let g(u) = u + 6. Let w = -7 + 10. Let h = w - 9. Calculate g(h).
0
Let h(d) = -9*d + 132. Let t be h(15). Let j(c) = 4*c**2 + 5*c + 2. What is j(t)?
23
Suppose -7*j = 45 - 17. Let g be 90/(-24) - (-1)/j. Let t(p) = -3 - 5 + 4 - p. Give t(g).
0
Let b(v) = -6 - 6*v + 21*v - 8*v**2 + 13 - 6*v + 1 + v**3. Give b(7).
22
Let h(v) = -2 + 4 - 2 + 4*v**2. Let b = 21 + -17. Suppose b*c + 2 = 6. Determine h(c).
4
Let q(w) be the third derivative of w**6/120 - w**5/10 + w**4/24 - 7*w**3/6 + 4*w**2 - 3. What is q(6)?
-1
Suppose 114 = -5*y - 3*z - 239, -3*z + 158 = -2*y. Let r = 75 + y. Let o(i) = -3*i + 1. Determine o(r).
-5
Let y be 152/10 + 2/(-10). Suppose 0 = -9*o + 4*o + y. Suppose o*x = 4*x + 2. Let d(f) = -3*f + 2. Give d(x).
8
Let s be (-54)/(-378) - (-8)/(-7). Let x = 0 + 1. Let v(r) = 4*r - r + x - 2 + 2*r. Give v(s).
-6
Let r(l) be the first derivative of l**2/2 + 4*l - 32. Suppose h = 5*s + 9 + 25, -5*s = -4*h + 46. Give r(s